2dc?
-2d3
In base 8, what is -76 - -44?
-32
In base 8, what is 5 - -1653?
1660
In base 16, what is 0 - -78?
78
In base 11, what is 335 - -1?
336
In base 16, what is 48a - -b?
495
In base 11, what is a + 4a?
59
In base 2, what is -1 - -10100101010?
10100101001
In base 12, what is -274 + -9?
-281
In base 5, what is 2 + -3040?
-3033
In base 16, what is 4 + -d3f?
-d3b
In base 11, what is -2259 + 5?
-2254
In base 16, what is -5 - -d5c?
d57
In base 15, what is -1749 + 3?
-1746
In base 2, what is -1110 + 111?
-111
In base 3, what is 101 - -2110?
2211
In base 5, what is -3 - 222410?
-222413
In base 13, what is -6 - -47a?
474
In base 16, what is -3 - -260?
25d
In base 8, what is -5 - -1623?
1616
In base 9, what is -378 - 27?
-416
In base 16, what is -18 + 24?
c
In base 12, what is 2 + -63?
-61
In base 16, what is ea + 2?
ec
In base 14, what is 0 + 221?
221
In base 8, what is -735 + -21?
-756
In base 15, what is -554 + -3?
-557
In base 15, what is -59 - -1?
-58
In base 6, what is 530 - -5?
535
In base 5, what is 40 + -2?
33
In base 7, what is -1 + 261?
260
In base 16, what is -69f - -1?
-69e
In base 9, what is -42 + -4?
-46
In base 14, what is 2 - 185?
-183
In base 12, what is -157 + 12?
-145
In base 3, what is 222 + 2201?
10200
In base 4, what is 12 - -2011?
2023
In base 7, what is -25 + 1022?
664
In base 16, what is -6a - -3?
-67
In base 13, what is -1 + -b8c?
-b90
In base 11, what is 15 + -247?
-232
In base 12, what is -2 - 199?
-19b
In base 8, what is -3 + 5375?
5372
In base 6, what is -114 + -15?
-133
In base 11, what is -47 - -27?
-20
In base 3, what is -1222 + 10021?
1022
In base 6, what is 153 - 1?
152
In base 5, what is 2124 + -23?
2101
In base 12, what is 28 + 3?
2b
In base 13, what is 9c9 + 3?
9cc
In base 11, what is 18 - -83a?
857
In base 2, what is -1000 - 101000?
-110000
In base 16, what is 3a + 3c?
76
In base 11, what is 228 + 5?
232
In base 2, what is -100 + -100011100?
-100100000
In base 14, what is 15 + 4?
19
In base 15, what is -7 + 48?
41
In base 8, what is -23 + 7?
-14
In base 7, what is 130 - 3?
124
In base 8, what is -161 - -4?
-155
In base 9, what is -25584 - 2?
-25586
In base 2, what is -101 - 10?
-111
In base 8, what is 12 + 3?
15
In base 11, what is -2 + -3740?
-3742
In base 13, what is -20 + 16?
-7
In base 3, what is -1 + -11200?
-11201
In base 7, what is 5 - 2030?
-2022
In base 14, what is 132 + 2?
134
In base 15, what is -54 - 4?
-58
In base 8, what is 22 - -1?
23
In base 3, what is -12002121 - -11?
-12002110
In base 13, what is 6 - -2294?
229a
In base 14, what is 269 - -1?
26a
In base 5, what is -320 - 3?
-323
In base 5, what is -10 + -20204?
-20214
In base 11, what is 615 + -5?
610
In base 9, what is -10524 + 5?
-10518
In base 10, what is 33 + 9?
42
In base 6, what is 1 + 40335?
40340
In base 9, what is -8 - 24?
-33
In base 6, what is -2011 + -1?
-2012
In base 15, what is 5 - -8?
d
In base 14, what is 628 - -9?
633
In base 15, what is 684 + 0?
684
In base 15, what is 1a + c?
27
In base 14, what is -3 + 5ad?
5aa
In base 6, what is -1402 + 1?
-1401
In base 10, what is -55 + 35?
-20
In base 15, what is 3 - -c4?
c7
In base 5, what is 0 - -242?
242
In base 5, what is -444 + 10?
-434
In base 10, what is -205 + -2?
-207
In base 13, what is 5 + -196?
-191
In base 2, what is -11 - -1100100000?
1100011101
In base 3, what is -2002 - 11?
-2020
In base 9, what is 1 - 1278?
-1277
In base 8, what is -6 - -71?
63
In base 13, what is 15b6a + 0?
15b6a
In base 9, what is -35 - 18?
-54
In base 10, what is -76 + -136?
-212
In base 5, what is -2 - 1314?
-1321
In base 3, what is -2012 - 12201?
-21220
In base 14, what is 3 - -25?
28
In base 13, what is 55 - 4?
51
In base 7, what is -3 - 110?
-113
In base 9, what is 882 - 4?
877
In base 11, what is 17 + 84?
a0
In base 15, what is -2 - -26?
24
In base 4, what is 10 - -1000?
1010
In base 12, what is 4a8 - -12?
4ba
In base 8, what is 46740 + 3?
46743
In base 12, what is 0 - -137?
137
In base 3, what is 12 + -1022?
-1010
In base 3, what is 1111 - -1211?
10022
In base 4, what is -2 - 31?
-33
In base 13, what is -178 - 0?
-178
In base 4, what is 333231 - -3?
333300
In base 12, what is -10265 - -4?
-10261
In base 4, what is -2030 + -1123?
-3213
In base 5, what is 4 - -24023?
24032
In base 8, what is 12 + 257?
271
In base 16, what is 31 + 101?
132
In base 13, what is 2 - -1877?
1879
In base 12, what is -4 - 2a8?
-2b0
In base 6, what is 11 - -1410?
1421
In base 14, what is 342 - 17?
329
In base 9, what is 0 + 3?
3
In base 2, what is -111000101 - -10010?
-110110011
In base 15, what is -ba7 + -4?
-bab
In base 15, what is 3 + -8a?
-87
In base 15, what is ea + 1c?
117
In base 3, what is -112021001 + -1?
-112021002
In base 14, what is -5a - -8?
-52
In base 12, what is -2 - 80?
-82
In base 6, what is -213 + -4?
-221
In base 12, what is -51a7 + 5?
-51a2
In base 15, what is 0 - -8d1?
8d1
In base 5, what is 10 - -214232?
214242
In base 8, what is 462 - 0?
462
In base 9, what is 4 - 244?
-240
In base 6, what is 1 - -24500?
24501
In base 9, what is -1 - 1512?
-1513
In base 3, what is 0 - 11011?
-11011
In base 15, what is -16b + -13?
-17e
In base 12, what is 5 + -b1?
-a8
In base 13, what is -3 + 48?
45
In base 5, what is 4 - -10210?
10214
In base 15, what is -2 + 89?
87
In base 5, what is 4 + 2401?
2410
In base 7, what is 4 - 14214?
-14210
In base 12, what is -5 + 5b?
56
In base 5, what is -3 - -1133?
1130
In base 4, what is -3 - 10100?
-10103
In base 10, what is 4748 + 2?
4750
In base 15, what is 1 + -55?
-54
In base 9, what is 4 + -1388?
-1384
In base 6, what is -1541 - 55?
-2040
In base 3, what is 12 - -202?
221
In base 3, what is 0 - 1001111?
-1001111
In base 6, what is -4 - 1313?
-1321
In base 13, what is 337 - -2?
339
In base 4, what is 1 - -2013?
2020
In base 2, what is 1001001100 - -1?
1001001101
In base 4, what is 0 - 220332?
-220332
In base 3, what is -121 + 10?
-111
In base 6, what is 1411 + 3?
1414
In base 4, what is -200221 - -11?
-200210
In base 12, what is -bb + 5?
-b6
In base 16, what is 65f5 - -4?
65f9
In base 15, what is -156 - -4?
-152
In base 9, what is 4 - 41?
-36
In base 8, what is -230 - 2?
-232
In base 9, what is 0 - -34?
34
In base 16, what is 3 - -1ec?
1ef
In base 16, what is -4 - -1e?
1a
In base 5, what is -14424 + -2?
-14431
In base 2, what is 1 + 1001011?
1001100
In base 5, what is 3 + 4202?
4210
In base 15, what is -15 - -21?
b
In base 9, what is -3 + 1782?
1778
In base 7, what is 54 + -25?
26
In base 9, what is -11 + 128?
117
In base 10, what is 1956 + -5?
1951
In base 16, what is 5 - 20?
-1b
In base 16, what is -f6 + 22?
-d4
In base 5, what is -142 - 1?
-143
In base 9, what is -1 + -66?
-67
In base 4, what is -3212 - 10?
-3222
In base 7, what is -11 - -3022?
3011
In base 2, what is -1001 + -10101?
-11110
In base 3, what is -1 + 211?
210
In base 3, what is 1 - 12202?
-12201
In base 5, what is -410 - -22?
-333
In base 11, what is -526 + 0?
-526
In base 8, what is 31 - 4?
25
In base 2, what is 1 - 101000000101?
-101000000100
In base 4, what is 1131 - 11?
1120
In base 10, what is -135 + 198?
63
In base 14, what is -dab9 + -5?
-dac0
In base 2, what is 101001 - 10?
100111
In base 12, what is -513a + -2?
-5140
In base 8, what is 202 - -47?
251
In base 13, what is -2 - -1b5?
1b3
In base 3, what is -22 - 11201?
-12000
In base 3, what is 20012 - 10?
20002
In base 14, what is -4 - -18?
14
In base 5, what is -3 + 22043?
22040
In base 14, what is -aa4 + 1?
-aa3
In base 7, what is 34 + -1326?
-1262
In base 6, what is -2045 - -43?
-2002
In base 7, what is 20 - -125?
145
In base 6, what is -2 - 131?
-133
In base 7, what is -3 - 1232?
-1235
In base 11, what is 20 - 8?
13
In base 16, what is -1 - 23?
-24
In base 7, what is 3353 + -5?
3345
In base 9, what is 5 + -30?
-24
In base 16, what is 4 + ad?
b1
In base 11, what is 1 - -63?
64
In base 14, what is 3 + -1960?
-195b
In base 13, what is 47 - 0?
47
In base 4, what is 1 + 121103?
121110
In base 13, what is 6 - 11a?
-114
In base 15, what is 7e - -2?
81
In base 5, what is -31 - 122?
-203
In base 11, what is -12 - -16?
4
In base 11, what is 2 + 8?
a
In base 5, what is 1204 - -423?
2132
In base 4, what is -11 + 2210?
2133
In base 2, what is -10000100 + 1111101?
-111
In base 5, what is -230 + -2?
-232
In base 8, what is 1174 - 106?
1066
In base 10, what 